{"id":1191,"date":"2019-03-11T12:28:05","date_gmt":"2019-03-11T15:28:05","guid":{"rendered":"http:\/\/www.brasilsustentaveleditora.com.br\/pertencimento\/?post_type=product&#038;p=1191"},"modified":"2026-05-04T15:18:36","modified_gmt":"2026-05-04T18:18:36","slug":"kit-educador-2o-periodo","status":"publish","type":"product","link":"https:\/\/www.brasilsustentaveleditora.com.br\/pertencimento\/produto\/kit-educador-2o-periodo\/","title":{"rendered":"Kit Pertencimento Ambiental \u2013 Educador do 2\u00ba Per\u00edodo da Educa\u00e7\u00e3o Infantil"},"content":{"rendered":"<p>O Kit cont\u00e9m conte\u00fados com atividades paradid\u00e1ticas diversas sobre a educa\u00e7\u00e3o ambiental e seus aspectos, com abrang\u00eancias nas 12 (doze) experi\u00eancias da DCNEI (2010) e os campos de experi\u00eancias da educa\u00e7\u00e3o infantil na BNCC (2017): atividades de colorir (coordena\u00e7\u00e3o motora fina e concentra\u00e7\u00e3o), tracejados (desenvolvimento de habilidades motoras finas e concentra\u00e7\u00e3o), labirintos (coordena\u00e7\u00e3o motora e senso direcional), QR Code com um CLIP de anima\u00e7\u00e3o e musicaliza\u00e7\u00e3o do Carlinhos Brown, para cada tema, com a inclus\u00e3o de uma m\u00e1scara por cartilha dos personagens da TURMA PAXU\u00c1 E PARAMIM. <strong>ISBN DO KIT: 978-65-89061-49-6<\/strong><\/p>\n<p><strong>COMPOSI\u00c7\u00c3O DO KIT DOS EDUCADORES E COORD. PEDAG\u00d3GICOS<\/strong><\/p>\n<p>&#8211; GOTINHA PEQUENINA \u00c9 SEMENTE DE VIDA<\/p>\n<p>&#8211; PEQUENOS AMIGOS DA TERRA<\/p>\n<p>&#8211; SABORES MAIS SABERES<\/p>\n<p>-A INSER\u00c7\u00c3O DA EDUCA\u00c7\u00c3O AMBIENTAL NA EDUCA\u00c7\u00c3O INFANTIL<\/p>\n<p>&#8211; M\u00c1SCARAS DOS PERSONAGENS (XU\u00ca, PARAMIM OU PAXU\u00c1, CAXI, MELINDA OU POP, FADADA E BRA\u00daNA)<br \/>\n&#8211; 1 QUEBRA-CABE\u00c7A CARTONADO<br \/>\n&#8211; 1 JOGO DA MEM\u00d3RIA<br \/>\n&#8211; 1 FOLHA COM ADESIVOS PARA COLAGEM<br \/>\n&#8211; 1 PAINEL PARA ATIVIDADES &#8211; TAMANHO A4<br \/>\n&#8211; &#8220;QR CODE&#8217;s&#8221; NAS CARTILHAS COM VIDEO CLIPE MUSICAL DO CARLINHOS BROWN<\/p>\n<p><strong>ITEM FORNECIDO SEM CUSTO ADICIONAL:<\/strong><\/p>\n<p><strong>CURSO EAD \u2013 AUTOINSTRUCIONAL: Capacita\u00e7\u00e3o dos educadores sobre o tema Pertencimento Ambiental, que ser\u00e3o os elementos multiplicadores para a comunidade escolar.<\/strong><\/p>\n<p>&nbsp;<\/p>\n<p><a href=\"https:\/\/www.brasilsustentaveleditora.com.br\/pertencimento\/wp-content\/uploads\/2019\/03\/Sem-titulo-3-scaled.png\"><img loading=\"lazy\" decoding=\"async\" class=\" wp-image-1283 alignleft\" src=\"https:\/\/www.brasilsustentaveleditora.com.br\/pertencimento\/wp-content\/uploads\/2019\/03\/Sem-titulo-3-1024x214.png\" alt=\"\" width=\"862\" height=\"180\" srcset=\"https:\/\/www.brasilsustentaveleditora.com.br\/pertencimento\/wp-content\/uploads\/2019\/03\/Sem-titulo-3-1024x214.png 1024w, https:\/\/www.brasilsustentaveleditora.com.br\/pertencimento\/wp-content\/uploads\/2019\/03\/Sem-titulo-3-300x63.png 300w, https:\/\/www.brasilsustentaveleditora.com.br\/pertencimento\/wp-content\/uploads\/2019\/03\/Sem-titulo-3-768x160.png 768w, https:\/\/www.brasilsustentaveleditora.com.br\/pertencimento\/wp-content\/uploads\/2019\/03\/Sem-titulo-3-1536x321.png 1536w, https:\/\/www.brasilsustentaveleditora.com.br\/pertencimento\/wp-content\/uploads\/2019\/03\/Sem-titulo-3-2048x428.png 2048w, https:\/\/www.brasilsustentaveleditora.com.br\/pertencimento\/wp-content\/uploads\/2019\/03\/Sem-titulo-3-600x125.png 600w\" sizes=\"auto, (max-width: 862px) 100vw, 862px\" \/><\/a><\/p>\n","protected":false},"excerpt":{"rendered":"<p>O Kit cont\u00e9m conte\u00fados com atividades paradid\u00e1ticas diversas sobre a educa\u00e7\u00e3o ambiental e seus aspectos, com abrang\u00eancias nas 12 (doze)<\/p>\n","protected":false},"featured_media":1284,"comment_status":"closed","ping_status":"closed","template":"","meta":[],"product_brand":[],"product_cat":[76],"product_tag":[],"class_list":["post-1191","product","type-product","status-publish","has-post-thumbnail","product_cat-educacao-infantil","first","instock","shipping-taxable","purchasable","product-type-simple"],"_links":{"self":[{"href":"https:\/\/www.brasilsustentaveleditora.com.br\/pertencimento\/wp-json\/wp\/v2\/product\/1191","targetHints":{"allow":["GET"]}}],"collection":[{"href":"https:\/\/www.brasilsustentaveleditora.com.br\/pertencimento\/wp-json\/wp\/v2\/product"}],"about":[{"href":"https:\/\/www.brasilsustentaveleditora.com.br\/pertencimento\/wp-json\/wp\/v2\/types\/product"}],"replies":[{"embeddable":true,"href":"https:\/\/www.brasilsustentaveleditora.com.br\/pertencimento\/wp-json\/wp\/v2\/comments?post=1191"}],"wp:featuredmedia":[{"embeddable":true,"href":"https:\/\/www.brasilsustentaveleditora.com.br\/pertencimento\/wp-json\/wp\/v2\/media\/1284"}],"wp:attachment":[{"href":"https:\/\/www.brasilsustentaveleditora.com.br\/pertencimento\/wp-json\/wp\/v2\/media?parent=1191"}],"wp:term":[{"taxonomy":"product_brand","embeddable":true,"href":"https:\/\/www.brasilsustentaveleditora.com.br\/pertencimento\/wp-json\/wp\/v2\/product_brand?post=1191"},{"taxonomy":"product_cat","embeddable":true,"href":"https:\/\/www.brasilsustentaveleditora.com.br\/pertencimento\/wp-json\/wp\/v2\/product_cat?post=1191"},{"taxonomy":"product_tag","embeddable":true,"href":"https:\/\/www.brasilsustentaveleditora.com.br\/pertencimento\/wp-json\/wp\/v2\/product_tag?post=1191"}],"curies":[{"name":"wp","href":"https:\/\/api.w.org\/{rel}","templated":true}]}}

Kit Pertencimento Ambiental – Educador do 2º Período da Educação Infantil

<p>O Kit contém conteúdos com atividades paradidáticas diversas sobre a educação ambiental e seus aspectos, com abrangências nas 12 (doze) experiências da DCNEI (2010) e os campos de experiências da educação infantil na BNCC (2017): atividades de colorir (coordenação motora fina e concentração), tracejados (desenvolvimento de habilidades motoras finas e concentração), labirintos (coordenação motora e senso direcional), QR Code com um CLIP de animação e musicalização do Carlinhos Brown, para cada tema, com a inclusão de uma máscara por cartilha dos personagens da TURMA PAXUÁ E PARAMIM. <strong>ISBN DO KIT: 978-65-89061-49-6</strong></p>
<p><strong>COMPOSIÇÃO DO KIT DOS EDUCADORES E COORD. PEDAGÓGICOS</strong></p>
<p>&#8211; GOTINHA PEQUENINA É SEMENTE DE VIDA</p>
<p>&#8211; PEQUENOS AMIGOS DA TERRA</p>
<p>&#8211; SABORES MAIS SABERES</p>
<p>-A INSERÇÃO DA EDUCAÇÃO AMBIENTAL NA EDUCAÇÃO INFANTIL</p>
<p>&#8211; MÁSCARAS DOS PERSONAGENS (XUÊ, PARAMIM OU PAXUÁ, CAXI, MELINDA OU POP, FADADA E BRAÚNA)<br />
&#8211; 1 QUEBRA-CABEÇA CARTONADO<br />
&#8211; 1 JOGO DA MEMÓRIA<br />
&#8211; 1 FOLHA COM ADESIVOS PARA COLAGEM<br />
&#8211; 1 PAINEL PARA ATIVIDADES &#8211; TAMANHO A4<br />
&#8211; &#8220;QR CODE&#8217;s&#8221; NAS CARTILHAS COM VIDEO CLIPE MUSICAL DO CARLINHOS BROWN</p>
<p><strong>ITEM FORNECIDO SEM CUSTO ADICIONAL:</strong></p>
<p><strong>CURSO EAD – AUTOINSTRUCIONAL: Capacitação dos educadores sobre o tema Pertencimento Ambiental, que serão os elementos multiplicadores para a comunidade escolar.</strong></p>
<p>&nbsp;</p>
<p><a href="https://www.brasilsustentaveleditora.com.br/pertencimento/wp-content/uploads/2019/03/Sem-titulo-3-scaled.png"><img loading="lazy" decoding="async" class=" wp-image-1283 alignleft" src="https://www.brasilsustentaveleditora.com.br/pertencimento/wp-content/uploads/2019/03/Sem-titulo-3-1024x214.png" alt="" width="862" height="180" srcset="https://www.brasilsustentaveleditora.com.br/pertencimento/wp-content/uploads/2019/03/Sem-titulo-3-1024x214.png 1024w, https://www.brasilsustentaveleditora.com.br/pertencimento/wp-content/uploads/2019/03/Sem-titulo-3-300x63.png 300w, https://www.brasilsustentaveleditora.com.br/pertencimento/wp-content/uploads/2019/03/Sem-titulo-3-768x160.png 768w, https://www.brasilsustentaveleditora.com.br/pertencimento/wp-content/uploads/2019/03/Sem-titulo-3-1536x321.png 1536w, https://www.brasilsustentaveleditora.com.br/pertencimento/wp-content/uploads/2019/03/Sem-titulo-3-2048x428.png 2048w, https://www.brasilsustentaveleditora.com.br/pertencimento/wp-content/uploads/2019/03/Sem-titulo-3-600x125.png 600w" sizes="auto, (max-width: 862px) 100vw, 862px" /></a></p>

<p>O Kit contém conteúdos com atividades paradidáticas diversas sobre a educação ambiental e seus aspectos, com abrangências nas 12 (doze)</p>
